ase 14?
-59ada9
Convert 101a82 (base 12) to base 13.
8a992
What is -870870 (base 9) in base 2?
-1111110101101110110
What is 626104 (base 8) in base 11?
132257
What is -112020b (base 12) in base 10?
-3276587
Convert 136150 (base 9) to base 4.
110110200
What is -834973 (base 11) in base 2?
-101000110110111001000
-206116 (base 8) to base 6
-1245554
1d38b11 (base 14) to base 2
110111111011010000001011
Convert 219116 (base 12) to base 8.
2023142
Convert 509669 (base 10) to base 11.
318a16
13254411 (base 6) to base 3
211111121121
Convert -10251033 (base 6) to base 14.
-7c1c1
-5b3b (base 12) to base 9
-15072
What is 138794 (base 11) in base 15?
44282
Convert 313305335 (base 6) to base 12.
1a0524b
Convert 495635 (base 10) to base 12.
1ba9ab
What is -79301b (base 13) in base 8?
-12727173
Convert 14b20 (base 16) to base 4.
110230200
What is -177614 (base 13) in base 5?
-122301010
What is 2011100120012 (base 3) in base 6?
40341305
881926 (base 14) to base 8
21464476
Convert 501534 (base 7) to base 5.
10202043
-a59a4 (base 11) to base 3
-21211121122
6466346 (base 7) to base 16
c0d07
Convert -1015035 (base 7) to base 8.
-355677
13313284 (base 10) to base 6
1153203324
Convert -547a97 (base 11) to base 4.
-3111133110
-186021 (base 10) to base 12
-8b799
-114000430 (base 5) to base 4
-2001232211
Convert 11101111100001001 (base 2) to base 4.
131330021
Convert -1977371 (base 10) to base 13.
-543056
Convert 11011010111111011 (base 2) to base 5.
12041443
13434340 (base 5) to base 13
4b92c
c72a (base 16) to base 6
1032014
Convert 11110011000110001 (base 2) to base 14.
33505
Convert -3031000 (base 4) to base 9.
-18887
Convert 437233 (base 8) to base 15.
2d8b9
What is 94154 (base 13) in base 5?
32003300
-56280 (base 11) to base 6
-1425225
Convert -4032341 (base 5) to base 11.
-44698
What is 341225 (base 7) in base 12?
2b005
What is 7097c0 (base 16) in base 12?
257a228
14b70 (base 15) to base 16
10491
Convert 1012012021000 (base 3) to base 14.
126d18
What is -1803a0 (base 15) in base 10?
-1165200
What is 13100300 (base 4) in base 8?
72060
What is 1345a (base 15) in base 12?
2b887
-2164 (base 7) to base 10
-781
What is 1012221202020 (base 3) in base 9?
1187666
68864 (base 12) to base 15
2b4cd
-1298713 (base 11) to base 6
-115540113
Convert 15b5a1b (base 13) to base 8.
32573540
-742203 (base 9) to base 8
-1535572
-46106 (base 10) to base 11
-31705
What is -13044421 (base 5) in base 4?
-133101233
Convert 9116c (base 15) to base 7.
3622101
1187276 (base 10) to base 12
4930b8
What is -29516 (base 15) in base 2?
-100000011010100011
What is -1dfcc (base 16) in base 11?
-84312
221526630 (base 7) to base 9
27161460
3306283 (base 9) to base 8
6614721
What is 24324625 (base 9) in base 7?
203011205
Convert 2610300 (base 7) to base 6.
11132000
21021120001001 (base 3) to base 4
32300202133
What is -11110101110010000 (base 2) in base 10?
-125840
What is -12021100020002 (base 3) in base 7?
-32546153
4023 (base 13) to base 7
34464
71779 (base 11) to base 12
50753
-95bb (base 16) to base 13
-145a7
Convert -110110100100100001110001 (base 2) to base 14.
-1c8549b
235715 (base 8) to base 4
103233031
What is 323032302 (base 4) in base 14?
645b4
What is 53e425 (base 16) in base 15?
739013
What is -1052407 (base 8) in base 2?
-1000101010100000111
-5ffb4e (base 16) to base 6
-342453314
1036823 (base 9) to base 10
556167
-111430242 (base 5) to base 11
-310855
-210021200121 (base 3) to base 9
-707617
Convert -7382 (base 11) to base 13.
-45a7
1031699 (base 10) to base 11
645149
-6c294e (base 16) to base 7
-114152033
Convert 1030410341 (base 5) to base 15.
2d70eb
Convert 63053 (base 10) to base 11.
43411
10010010021122 (base 3) to base 12
67a245
What is 67b97 (base 13) in base 9?
316787
-2320519 (base 10) to base 14
-445955
Convert 60594 (base 14) to base 15.
48956
Convert 592306 (base 10) to base 7.
5014561
Convert -10c33 (base 14) to base 11.
-28733
Convert 134479 (base 10) to base 12.
659a7
What is -2420034201 (base 5) in base 15?
-7625bb
Convert -13233230233 (base 4) to base 3.
-10211011011101
31202001 (base 4) to base 12
280a9
268373 (base 9) to base 8
477425
What is -700073 (base 8) in base 12?
-b0937
-10031232123 (base 4) to base 13
-2c8b33
-45a3a (base 16) to base 5
-33111432
What is 111110000010101011 (base 2) in base 15?
50468
10102112121200 (base 3) to base 9
3375550
Convert 10210202021002 (base 3) to base 10.
2022437
What is 1452562 (base 10) in base 5?
332440222
Convert 36280 (base 11) to base 5.
3132424
101101101011110010110 (base 2) to base 4
11231132112
11000111000110000 (base 2) to base 3
12011211102
3ce28 (base 16) to base 6
5202320
7a7ab3 (base 14) to base 3
21211212111211
Convert -101a9b8 (base 15) to base 3.
-210121002202102
ddd79a (base 15) to base 6
1014401031
What is -23331201 (base 5) in base 2?
-110100011000010111
What is 2021102100211 (base 3) in base 16?
127273
Convert -15a80 (base 11) to base 4.
-11201002
What is -644363 (base 8) in base 16?
-348f3
Convert -a731b (base 13) to base 3.
-120022121102
What is -3302322 (base 7) in base 4?
-1202223321
Convert 110042443 (base 5) to base 13.
136889
1001222201022 (base 3) to base 11
35a777
What is -22ed6 (base 16) in base 11?
-98537
What is -10010111100010000001 (base 2) in base 15?
-c3d83
-453404 (base 6) to base 16
-95ec
203100200013 (base 4) to base 2
100011010000100000000111
Convert 7a340 (base 14) to base 16.
48824
Convert 251016 (base 11) to base 9.
664087
Convert -6a3837 (base 12) to base 15.
-23aa71
Convert -100100101101100110101 (base 2) to base 10.
-1202997
What is -141363 (base 10) in base 12?
-69983
Convert 153013 (base 8) to base 2.
1101011000001011
Convert -5380d (base 14) to base 13.
-70b83
Convert 3033010332 (base 4) to base 9.
1532443
What is -1546485 (base 11) in base 13?
-717583
Convert -7ade5 (base 15) to base 9.
-655638
143558 (base 10) to base 11
98948
-e7e33 (base 15) to base 8
-2634525
Convert 7065b6 (base 13) to base 2.
1001111101111111101011
-166384 (base 9) to base 8
-311304
Convert -8652541 (base 9) to base 13.
-c66298
31132013030 (base 4) to base 16
35e1cc
Convert 110110010110000000 (base 2) to base 7.
1614646
-14231 (base 14) to base 10
-49827
Convert -11101022002111 (base 3) to base 7.
-25535416
What is 2707113 (base 8) in base 15?
ee5d3
Convert 68492 (base 11) to base 15.
1e554
218395 (base 10) to base 9
362521
888824 (base 9) to base 14
db91c
Convert -11001111100001010010011 (base 2) to base 6.
-401425323
Convert 5a5011 (base 11) to base 14.
1ad364
What is 216ba (base 13) in base 11?
41498
What is -103814 (base 13) in base 10?
-379253
Convert -531479 (base 13) to base 2.
-111011010111000100001
Convert -10010111210211 (base 3) to base 13.
-4631aa
Convert -1980578 (base 11) to base 7.
-40244136
-265265 (base 7) to base 10
-49880
What is -1000100000011100101011 (base 2) in base 7?
-24645426
Convert 33643 (base 8) to base 16.
37a3
Convert -1defb (base 16) to base 2.
-11101111011111011
Convert 2b632 (base 14) to base 8.
323314
What is -12543211 (base 6) in base 8?
-1460367
Convert 70752 (base 10) to base 7.
413163
Convert 2ac5d (base 14) to base 6.
2142003
Convert 33551053 (base 6) to base 5.
230303020
What is 153043 (base 8) in base 12?
27883
Convert -23263131 (base 7) to base 5.
-1011033103
Convert -414014231 (base 6) to base 11.
-40699a7
1b4227 (base 14) to base 2
11101101010000011011
2961b (base 12) to base 8
161067
What is 31203013013 (base 4) in base 9?
6612888
-13421433212 (base 5) to base 13
-37a41a7
What is -109996 (base 15) in base 13?
-2195b8
Convert 278bc (base 13) to base 12.
369b4
What is 111100101000000111001 (base 2) in base 11?
1137636
1150003150 (base 6) to base 12
44a64b6
What is 10113032 (base 6) in base 14?
777d2
What is -4d4d8 (base 15) in base 7?
-2050340
What is 35621026 (base 7) in base 11?
1871905
What is -2072a1 (base 13) in base 15?
-eeac4
Convert 52455010 (base 7) to base 4.
100322200300
What is 1e3626 (base 16) in base 12?
7b5972
26038 (base 14) to base 16
16ca2
What is 60b35 (base 12) in base 2?
11110110001011001
What is 157465a (base 11) in base 9?
5042627
-88480 (base 13) to base 11
-159504
What is -1702 (base 8) in base 5?
-12322
What is -31a626 (base 12) in base 10?
-785406
310280 (base 9) to base 13
65955
-601640 (base 12) to base 8
-5551120
150550353 (base 6)